 is -1 - 16?
-17
In base 16, what is -80 - -11?
-6f
In base 10, what is 7 + 22?
29
In base 15, what is 29 - -5?
2e
In base 16, what is -2 + 22?
20
In base 5, what is 0 - 41?
-41
In base 12, what is -5 - -153?
14a
In base 8, what is 67 - -7?
76
In base 15, what is 9 + -14d?
-144
In base 14, what is -272b - 1?
-272c
In base 4, what is 0 - -22?
22
In base 7, what is -1 - 245?
-246
In base 16, what is -cd9 + -2?
-cdb
In base 9, what is -5 + 862?
856
In base 7, what is 14551 + 3?
14554
In base 8, what is 33 - -11?
44
In base 15, what is -3 - -71?
6d
In base 11, what is 2 - 252?
-250
In base 7, what is 33 - 145?
-112
In base 14, what is 459 + 7?
462
In base 8, what is 0 + 24?
24
In base 12, what is -9 - -182?
175
In base 9, what is 17 + 2?
20
In base 8, what is -443 - 2?
-445
In base 15, what is -3 - -16?
13
In base 5, what is -1104223 - -3?
-1104220
In base 10, what is 1 - -727?
728
In base 9, what is 1 - 2003?
-2002
In base 7, what is -22 + 4?
-15
In base 6, what is -5 + 3550?
3541
In base 14, what is 3a - -3?
3d
In base 9, what is -185 - 2?
-187
In base 8, what is 4 + 12?
16
In base 16, what is 3 - -154?
157
In base 11, what is -121 - 0?
-121
In base 13, what is 110 - -54?
164
In base 11, what is 2 + -85?
-83
In base 5, what is -11 - -3002?
2441
In base 7, what is -2 + -133?
-135
In base 13, what is -702 + 5?
-6ca
In base 11, what is 246 + -38?
209
In base 15, what is -2 - -75b?
759
In base 14, what is -145 + 3?
-142
In base 5, what is 1110 + -10?
1100
In base 11, what is 6 + -4012?
-4007
In base 6, what is 430 - 1?
425
In base 10, what is 231 + -1?
230
In base 15, what is 4 + -17?
-13
In base 14, what is 5c + 3?
61
In base 5, what is 10 + -12114?
-12104
In base 11, what is -724 + -3?
-727
In base 9, what is -15 + 21?
5
In base 9, what is 47 + -6?
41
In base 10, what is -4 - 1496?
-1500
In base 10, what is -7 + 11?
4
In base 4, what is -20031 + -102?
-20133
In base 15, what is -27 + 1?
-26
In base 10, what is -165 + 2?
-163
In base 4, what is -3103 - 20?
-3123
In base 11, what is -14 + 16?
2
In base 16, what is -93c + 5?
-937
In base 2, what is 0 + -1101110?
-1101110
In base 3, what is -12 - 220?
-1002
In base 16, what is -2041 + 4?
-203d
In base 12, what is -4 + 0?
-4
In base 15, what is -351 + 3?
-34d
In base 15, what is -5 + 8c?
87
In base 11, what is -3 - 24?
-27
In base 15, what is -292 - -1?
-291
In base 4, what is -2003300 - 2?
-2003302
In base 6, what is 2 - -12?
14
In base 2, what is -1110110100101 - 100?
-1110110101001
In base 5, what is 10 - -3111?
3121
In base 15, what is -14 - a?
-1e
In base 10, what is -58 - -2?
-56
In base 11, what is -5 - -28?
23
In base 2, what is 10011 + 1011110000?
1100000011
In base 11, what is 1220 - -5?
1225
In base 9, what is -77874 - -5?
-77868
In base 2, what is 1001 - 1010?
-1
In base 7, what is 15 - -33?
51
In base 8, what is 5 - 35?
-30
In base 13, what is -3 - 42?
-45
In base 16, what is -92b + -8?
-933
In base 11, what is -94 + -1?
-95
In base 11, what is 21 + -13?
9
In base 8, what is -5 + 2301?
2274
In base 12, what is 1 + 35?
36
In base 6, what is 20 + -15?
1
In base 12, what is 1 + 2?
3
In base 14, what is 90a + 13?
91d
In base 12, what is 539 - 0?
539
In base 2, what is 0 + -1000010001?
-1000010001
In base 7, what is -401 - -2?
-366
In base 4, what is -121300 + 1?
-121233
In base 15, what is db1 - -4?
db5
In base 9, what is -2512 - -4?
-2507
In base 6, what is 152 + -2?
150
In base 6, what is -13 - 105?
-122
In base 3, what is 200200 + -10?
200120
In base 10, what is -5 + 40?
35
In base 13, what is -62 - 5?
-67
In base 10, what is 2 - -59?
61
In base 15, what is 6 - -20?
26
In base 6, what is 3000 + -3?
2553
In base 15, what is 279 + 5?
27e
In base 4, what is -32 + -32223?
-32321
In base 14, what is -21 + -22?
-43
In base 4, what is 13210 + 1?
13211
In base 6, what is -3 + 102?
55
In base 4, what is 312 - -20?
332
In base 12, what is -5 + 31?
28
In base 10, what is 631 - -4?
635
In base 16, what is -5 - -3d?
38
In base 6, what is -121 + -20?
-141
In base 10, what is 999 + 20?
1019
In base 13, what is 509 + 2?
50b
In base 10, what is 1 - -174?
175
In base 9, what is -104 + -15?
-120
In base 10, what is -14 - -12?
-2
In base 5, what is 41031 - 20?
41011
In base 9, what is -37 + 61?
23
In base 10, what is -1865 + 2?
-1863
In base 14, what is -b - 61?
-6c
In base 8, what is 3 + 4234?
4237
In base 13, what is 5c + -2?
5a
In base 2, what is 100111 - -100?
101011
In base 3, what is -11 + 2022?
2011
In base 2, what is -110001111 + -10?
-110010001
In base 3, what is 1121012 + 11?
1121100
In base 4, what is -2012 + 233?
-1113
In base 7, what is 216 - 0?
216
In base 9, what is 4 + -28?
-24
In base 4, what is -2131 - -20?
-2111
In base 14, what is -1069 + 6?
-1063
In base 3, what is 20210202 + -12?
20210120
In base 9, what is -80 + -4?
-84
In base 5, what is 4 + -332?
-323
In base 2, what is -1010101 + -1?
-1010110
In base 10, what is 3597 + -1?
3596
In base 16, what is -16e + 6?
-168
In base 16, what is -5 + 55?
50
In base 11, what is 35 + 4?
39
In base 12, what is 184 - -12?
196
In base 15, what is 3 - -e94?
e97
In base 7, what is 1 + 5060?
5061
In base 9, what is -10 + -42?
-52
In base 9, what is 2164 + -1?
2163
In base 5, what is -4 - 222031?
-222040
In base 13, what is 36ba + 0?
36ba
In base 5, what is 1232 - -3?
1240
In base 15, what is 5 + -2?
3
In base 11, what is -15 + -1a?
-34
In base 5, what is 1 - 4333?
-4332
In base 2, what is 10010001010010 - 1?
10010001010001
In base 13, what is 0 + -58?
-58
In base 10, what is 1175 - 4?
1171
In base 9, what is 120 - 33?
76
In base 8, what is -263 + 275?
12
In base 7, what is -2666 - -11?
-2655
In base 11, what is a4 - -1?
a5
In base 5, what is 31 - 10?
21
In base 11, what is 39 - 22?
17
In base 8, what is 10 - 16?
-6
In base 9, what is 1177 - -2?
1180
In base 9, what is 703 - -10?
713
In base 10, what is 3 + -646?
-643
In base 5, what is 4 + 11140?
11144
In base 10, what is 15828 + 3?
15831
In base 11, what is 10 - a?
1
In base 14, what is 171 + 8?
179
In base 4, what is 100 - 23?
11
In base 7, what is -454 - 45?
-532
In base 15, what is -122 + 3?
-11e
In base 15, what is 510 + 0?
510
In base 9, what is -1 + -371?
-372
In base 8, what is -116 + -1?
-117
In base 11, what is 1a965 + 4?
1a969
In base 15, what is 2c - -16?
43
In base 9, what is -14 - 1?
-15
In base 9, what is -352 + 36?
-315
In base 4, what is 0 + 21?
21
In base 8, what is 11 + 35?
46
In base 6, what is -2 + 250?
244
In base 11, what is 2 + -143?
-141
In base 6, what is 2 - -25512?
25514
In base 15, what is -d23 + 0?
-d23
In base 4, what is 1331 - -1220?
3211
In base 13, what is 1 - -10?
11
In base 12, what is -2 - -2b?
29
In base 6, what is 1 - -103?
104
In base 13, what is -7 + 32?
28
In base 8, what is 6 - -21?
27
In base 8, what is -3 - -25?
22
In base 10, what is -3 + 1736?
1733
In base 12, what is -87 - -3?
-84
In base 12, what is 2 - -10?
12
In base 9, what is 635 - 0?
635
In base 4, what is -1111 + 0?
-1111
In base 11, what is -4 - 9?
-12
In base 13, what is 3 - -235?
238
In base 15, what is c2c - -1?
c2d
In base 12, what is 18 - -6?
22
In base 16, what is -19c - 2?
-19e
In base 9, what is -5571 + 0?
-5571
In base 8, what is 2767 - 2?
2765
In base 4, what is 1 - 3303?
-3302
In base 12, what is -293 - 0?
-293
In base 4, what is -2010203 - -10?
-2010133
In base 5, what is 1 + 20304?
20310
In base 4, what is 101 + -13?
22
In base 11, what is -129 + -2?
-130
In base 9, what is 165 - 4?
161
In base 2, what is -10000 - 10001100100?
-10001110100
In base 15, what is -4d + 1?
-4c
In base 11, what is -4404 - 0?
-4404
In base 14, what is -57 - -5?
-52
In base 11, what is -2 - 39?
-40
In base 5, what is -4 + -111?
-120
In base 16, what is 10 - ae?
-9e
In base 14, what is -5 - 1417?
-141c
In base 10, what is -198 - 5?
-203
In base 9, what is 3 - -17?
21
In base 8, what is -17 - -142?
123
In base 16, what is 2c - 1?
2b
In base 7, what is 1651 - -3?
1654
In base 13, what is 3790 + -1?
378c
In base 12, what is 218 + -1?
217
In base 9, what is 1 + 3?
4
In base 8, what is -4160 - 5?
-4165
In base 4, what is -3123 + 10?
-3113
In base 9, what is 1 + 424?
425
In base 13, what is -841 + 2?
-83c
In base 2, what is -10001110 - 101?
-10010011
In base 16, what is 99 + 2?
9b
In base 11, what is -3 - -179?
176